{"id":1169,"date":"2025-05-16T13:53:35","date_gmt":"2025-05-16T16:53:35","guid":{"rendered":"https:\/\/lp.sbfa.org.br\/cbfa2025\/?page_id=1169"},"modified":"2025-07-18T15:53:06","modified_gmt":"2025-07-18T18:53:06","slug":"submissao-de-trabalhos-cientificos","status":"publish","type":"page","link":"https:\/\/lp.sbfa.org.br\/cbfa2025\/submissao-de-trabalhos-cientificos\/","title":{"rendered":"Submiss\u00e3o de Trabalhos Cient\u00edficos"},"content":{"rendered":"\t\t<div data-elementor-type=\"wp-page\" data-elementor-id=\"1169\" class=\"elementor elementor-1169\" data-elementor-post-type=\"page\">\n\t\t\t\t<div class=\"elementor-element elementor-element-5093e17 e-flex e-con-boxed e-con e-parent\" data-id=\"5093e17\" data-element_type=\"container\" data-settings=\"{&quot;background_background&quot;:&quot;classic&quot;,&quot;jet_parallax_layout_list&quot;:[]}\">\n\t\t\t\t\t<div class=\"e-con-inner\">\n\t\t<div class=\"elementor-element elementor-element-741d834 e-con-full e-flex e-con e-child\" data-id=\"741d834\" data-element_type=\"container\" data-settings=\"{&quot;jet_parallax_layout_list&quot;:[]}\">\n\t\t\t\t<div class=\"elementor-element elementor-element-2d99541 elementor-widget elementor-widget-heading\" data-id=\"2d99541\" data-element_type=\"widget\" data-widget_type=\"heading.default\">\n\t\t\t\t<div class=\"elementor-widget-container\">\n\t\t\t\t\t<h1 class=\"elementor-heading-title elementor-size-default\">Submiss\u00e3o de Trabalhos Cient\u00edficos<\/h1>\t\t\t\t<\/div>\n\t\t\t\t<\/div>\n\t\t\t\t<\/div>\n\t\t\t\t\t<\/div>\n\t\t\t\t<\/div>\n\t\t<div class=\"elementor-element elementor-element-c77dd92 e-flex e-con-boxed e-con e-parent\" data-id=\"c77dd92\" data-element_type=\"container\" data-settings=\"{&quot;jet_parallax_layout_list&quot;:[]}\">\n\t\t\t\t\t<div class=\"e-con-inner\">\n\t\t\t\t<div class=\"elementor-element elementor-element-9ded1a4 elementor-widget__width-initial elementor-widget elementor-widget-text-editor\" data-id=\"9ded1a4\" data-element_type=\"widget\" data-widget_type=\"text-editor.default\">\n\t\t\t\t<div class=\"elementor-widget-container\">\n\t\t\t\t\t\t\t\t\t<p style=\"font-weight: 400;\"><strong>Submiss\u00e3o de Trabalhos Cient\u00edficos (PT)<\/strong><\/p><p style=\"font-weight: 400;\">Sua ci\u00eancia no centro do espa\u00e7o onde acontecem as transforma\u00e7\u00f5es da Fonoaudiologia<\/p><p style=\"font-weight: 400;\">A produ\u00e7\u00e3o cient\u00edfica \u00e9 a base que sustenta o avan\u00e7o da Fonoaudiologia, amplia o reconhecimento da profiss\u00e3o e fortalece pr\u00e1ticas mais seguras, \u00e9ticas e transformadoras. O Congresso Brasileiro de Fonoaudiologia convida pesquisadores, profissionais e estudantes a compartilharem suas descobertas, experi\u00eancias e reflex\u00f5es por meio da submiss\u00e3o de trabalhos cient\u00edficos.\u00a0<\/p><p style=\"font-weight: 400;\">Esta \u00e9 a oportunidade de dar visibilidade \u00e0 sua pesquisa, promover o interc\u00e2mbio de saberes e contribuir ativamente com os rumos da ci\u00eancia fonoaudiol\u00f3gica no Brasil e no mundo.\u00a0<\/p>\t\t\t\t\t\t\t\t<\/div>\n\t\t\t\t<\/div>\n\t\t<div class=\"elementor-element elementor-element-3011e5f e-con-full e-flex e-con e-child\" data-id=\"3011e5f\" data-element_type=\"container\" data-settings=\"{&quot;jet_parallax_layout_list&quot;:[]}\">\n\t\t\t\t<div class=\"elementor-element elementor-element-07d344a elementor-widget__width-initial elementor-widget elementor-widget-heading\" data-id=\"07d344a\" data-element_type=\"widget\" data-widget_type=\"heading.default\">\n\t\t\t\t<div class=\"elementor-widget-container\">\n\t\t\t\t\t<h2 class=\"elementor-heading-title elementor-size-default\">Participe! Sua contribui\u00e7\u00e3o \u00e9 essencial<br> para construirmos, juntos, um futuro ainda mais s\u00f3lido para a nossa profiss\u00e3o.<\/h2>\t\t\t\t<\/div>\n\t\t\t\t<\/div>\n\t\t<div class=\"elementor-element elementor-element-c22c0bc e-con-full e-flex e-con e-child\" data-id=\"c22c0bc\" data-element_type=\"container\" data-settings=\"{&quot;jet_parallax_layout_list&quot;:[]}\">\n\t\t\t\t<div class=\"elementor-element elementor-element-55bfa2f elementor-align-justify elementor-widget elementor-widget-button\" data-id=\"55bfa2f\" data-element_type=\"widget\" data-widget_type=\"button.default\">\n\t\t\t\t<div class=\"elementor-widget-container\">\n\t\t\t\t\t\t\t\t\t<div class=\"elementor-button-wrapper\">\n\t\t\t\t\t<a class=\"elementor-button elementor-button-link elementor-size-sm\" href=\"https:\/\/inscricoes.lp.sbfa.org.br\/login\" target=\"_blank\" download=\"\">\n\t\t\t\t\t\t<span class=\"elementor-button-content-wrapper\">\n\t\t\t\t\t\t\t\t\t<span class=\"elementor-button-text\">QUERO SUBMETER MEU TRABALHO<\/span>\n\t\t\t\t\t<\/span>\n\t\t\t\t\t<\/a>\n\t\t\t\t<\/div>\n\t\t\t\t\t\t\t\t<\/div>\n\t\t\t\t<\/div>\n\t\t\t\t<div class=\"elementor-element elementor-element-8e68b18 elementor-align-justify elementor-widget elementor-widget-button\" data-id=\"8e68b18\" data-element_type=\"widget\" data-widget_type=\"button.default\">\n\t\t\t\t<div class=\"elementor-widget-container\">\n\t\t\t\t\t\t\t\t\t<div class=\"elementor-button-wrapper\">\n\t\t\t\t\t<a class=\"elementor-button elementor-button-link elementor-size-sm\" href=\"https:\/\/inscricoes.lp.sbfa.org.br\/trabalhos\" target=\"_blank\" download=\"\">\n\t\t\t\t\t\t<span class=\"elementor-button-content-wrapper\">\n\t\t\t\t\t\t\t\t\t<span class=\"elementor-button-text\">EDITAL - Trabalhos Cient\u00edficos<\/span>\n\t\t\t\t\t<\/span>\n\t\t\t\t\t<\/a>\n\t\t\t\t<\/div>\n\t\t\t\t\t\t\t\t<\/div>\n\t\t\t\t<\/div>\n\t\t\t\t<div class=\"elementor-element elementor-element-a3c4fbf elementor-align-justify elementor-widget elementor-widget-button\" data-id=\"a3c4fbf\" data-element_type=\"widget\" data-widget_type=\"button.default\">\n\t\t\t\t<div class=\"elementor-widget-container\">\n\t\t\t\t\t\t\t\t\t<div class=\"elementor-button-wrapper\">\n\t\t\t\t\t<a class=\"elementor-button elementor-button-link elementor-size-sm\" href=\"https:\/\/inscricoes.lp.sbfa.org.br\/trabalhos-orais\" target=\"_blank\" download=\"\">\n\t\t\t\t\t\t<span class=\"elementor-button-content-wrapper\">\n\t\t\t\t\t\t\t\t\t<span class=\"elementor-button-text\">EDITAL - Temas Orais - Comunica\u00e7\u00e3o Breve<\/span>\n\t\t\t\t\t<\/span>\n\t\t\t\t\t<\/a>\n\t\t\t\t<\/div>\n\t\t\t\t\t\t\t\t<\/div>\n\t\t\t\t<\/div>\n\t\t\t\t<\/div>\n\t\t\t\t<\/div>\n\t\t\t\t\t<\/div>\n\t\t\t\t<\/div>\n\t\t<div class=\"elementor-element elementor-element-e74bc2f e-flex e-con-boxed e-con e-parent\" data-id=\"e74bc2f\" data-element_type=\"container\" data-settings=\"{&quot;jet_parallax_layout_list&quot;:[]}\">\n\t\t\t\t\t<div class=\"e-con-inner\">\n\t\t\t\t<div class=\"elementor-element elementor-element-c38de91 elementor-widget__width-initial elementor-widget elementor-widget-text-editor\" data-id=\"c38de91\" data-element_type=\"widget\" data-widget_type=\"text-editor.default\">\n\t\t\t\t<div class=\"elementor-widget-container\">\n\t\t\t\t\t\t\t\t\t<p><em><strong>Presentaci\u00f3n de art\u00edculos cient\u00edficos (ES)<\/strong><\/em><\/p><p><em><span style=\"font-weight: 400;\">Tu ciencia en el centro del espacio donde ocurren las transformaciones de la Logopedia<\/span><\/em><\/p><p><em><span style=\"font-weight: 400;\">La producci\u00f3n cient\u00edfica es la base que sustenta el avance de la Fonoaudiolog\u00eda, ampl\u00eda el reconocimiento de la profesi\u00f3n y fortalece pr\u00e1cticas m\u00e1s seguras, \u00e9ticas y transformadoras. El Congreso Brasile\u00f1o de Fonoaudiolog\u00eda invita a investigadores, profesionales y estudiantes a compartir sus descubrimientos, experiencias y reflexiones mediante la presentaci\u00f3n de art\u00edculos cient\u00edficos.<\/span><\/em><\/p><p><em><span style=\"font-weight: 400;\">Esta es una oportunidad para dar visibilidad a sus investigaciones, promover el intercambio de conocimientos y contribuir activamente al direccionamiento de la fonoaudiolog\u00eda en Brasil y en el mundo.<\/span><\/em><\/p>\t\t\t\t\t\t\t\t<\/div>\n\t\t\t\t<\/div>\n\t\t<div class=\"elementor-element elementor-element-d209673 e-con-full e-flex e-con e-child\" data-id=\"d209673\" data-element_type=\"container\" data-settings=\"{&quot;jet_parallax_layout_list&quot;:[]}\">\n\t\t\t\t<div class=\"elementor-element elementor-element-4507bd8 elementor-widget__width-initial elementor-widget elementor-widget-heading\" data-id=\"4507bd8\" data-element_type=\"widget\" data-widget_type=\"heading.default\">\n\t\t\t\t<div class=\"elementor-widget-container\">\n\t\t\t\t\t<h2 class=\"elementor-heading-title elementor-size-default\">\u00a1\u00danete a nosotros! Tu contribuci\u00f3n es esencial para construir, juntos, un futuro a\u00fan m\u00e1s s\u00f3lido para nuestra profesi\u00f3n.\n<\/h2>\t\t\t\t<\/div>\n\t\t\t\t<\/div>\n\t\t<div class=\"elementor-element elementor-element-0a38acc e-con-full e-flex e-con e-child\" data-id=\"0a38acc\" data-element_type=\"container\" data-settings=\"{&quot;jet_parallax_layout_list&quot;:[]}\">\n\t\t\t\t<div class=\"elementor-element elementor-element-892a9b2 elementor-align-justify elementor-widget elementor-widget-button\" data-id=\"892a9b2\" data-element_type=\"widget\" data-widget_type=\"button.default\">\n\t\t\t\t<div class=\"elementor-widget-container\">\n\t\t\t\t\t\t\t\t\t<div class=\"elementor-button-wrapper\">\n\t\t\t\t\t<a class=\"elementor-button elementor-button-link elementor-size-sm\" href=\"https:\/\/inscricoes.lp.sbfa.org.br\/login\" target=\"_blank\" download=\"\">\n\t\t\t\t\t\t<span class=\"elementor-button-content-wrapper\">\n\t\t\t\t\t\t\t\t\t<span class=\"elementor-button-text\">QUIERO ENVIAR MI TRABAJO<\/span>\n\t\t\t\t\t<\/span>\n\t\t\t\t\t<\/a>\n\t\t\t\t<\/div>\n\t\t\t\t\t\t\t\t<\/div>\n\t\t\t\t<\/div>\n\t\t\t\t<div class=\"elementor-element elementor-element-e44072c elementor-align-justify elementor-widget elementor-widget-button\" data-id=\"e44072c\" data-element_type=\"widget\" data-widget_type=\"button.default\">\n\t\t\t\t<div class=\"elementor-widget-container\">\n\t\t\t\t\t\t\t\t\t<div class=\"elementor-button-wrapper\">\n\t\t\t\t\t<a class=\"elementor-button elementor-button-link elementor-size-sm\" href=\"https:\/\/inscricoes.lp.sbfa.org.br\/trabalhos-es\" target=\"_blank\" download=\"\">\n\t\t\t\t\t\t<span class=\"elementor-button-content-wrapper\">\n\t\t\t\t\t\t\t\t\t<span class=\"elementor-button-text\">EDITAL - Art\u00edculos Cient\u00edficos<\/span>\n\t\t\t\t\t<\/span>\n\t\t\t\t\t<\/a>\n\t\t\t\t<\/div>\n\t\t\t\t\t\t\t\t<\/div>\n\t\t\t\t<\/div>\n\t\t\t\t<div class=\"elementor-element elementor-element-e759f06 elementor-align-justify elementor-widget elementor-widget-button\" data-id=\"e759f06\" data-element_type=\"widget\" data-widget_type=\"button.default\">\n\t\t\t\t<div class=\"elementor-widget-container\">\n\t\t\t\t\t\t\t\t\t<div class=\"elementor-button-wrapper\">\n\t\t\t\t\t<a class=\"elementor-button elementor-button-link elementor-size-sm\" href=\"https:\/\/inscricoes.lp.sbfa.org.br\/trabalhos-orais-es\" target=\"_blank\" download=\"\">\n\t\t\t\t\t\t<span class=\"elementor-button-content-wrapper\">\n\t\t\t\t\t\t\t\t\t<span class=\"elementor-button-text\">EDITAL -  Temas Orales - Comunicaci\u00f3n Breve<\/span>\n\t\t\t\t\t<\/span>\n\t\t\t\t\t<\/a>\n\t\t\t\t<\/div>\n\t\t\t\t\t\t\t\t<\/div>\n\t\t\t\t<\/div>\n\t\t\t\t<\/div>\n\t\t\t\t<\/div>\n\t\t\t\t\t<\/div>\n\t\t\t\t<\/div>\n\t\t\t\t<\/div>\n\t\t","protected":false},"excerpt":{"rendered":"<p>Submiss\u00e3o de Trabalhos Cient\u00edficos Submiss\u00e3o de Trabalhos Cient\u00edficos (PT) Sua ci\u00eancia no centro do espa\u00e7o onde acontecem as transforma\u00e7\u00f5es da Fonoaudiologia A produ\u00e7\u00e3o cient\u00edfica \u00e9 a base que sustenta o avan\u00e7o da Fonoaudiologia, amplia o reconhecimento da profiss\u00e3o e fortalece pr\u00e1ticas mais seguras, \u00e9ticas e transformadoras. O Congresso Brasileiro de Fonoaudiologia convida pesquisadores, profissionais e [&hellip;]<\/p>\n","protected":false},"author":1,"featured_media":0,"parent":0,"menu_order":0,"comment_status":"closed","ping_status":"closed","template":"","meta":{"footnotes":""},"class_list":["post-1169","page","type-page","status-publish","hentry"],"_links":{"self":[{"href":"https:\/\/lp.sbfa.org.br\/cbfa2025\/wp-json\/wp\/v2\/pages\/1169","targetHints":{"allow":["GET"]}}],"collection":[{"href":"https:\/\/lp.sbfa.org.br\/cbfa2025\/wp-json\/wp\/v2\/pages"}],"about":[{"href":"https:\/\/lp.sbfa.org.br\/cbfa2025\/wp-json\/wp\/v2\/types\/page"}],"author":[{"embeddable":true,"href":"https:\/\/lp.sbfa.org.br\/cbfa2025\/wp-json\/wp\/v2\/users\/1"}],"replies":[{"embeddable":true,"href":"https:\/\/lp.sbfa.org.br\/cbfa2025\/wp-json\/wp\/v2\/comments?post=1169"}],"version-history":[{"count":7,"href":"https:\/\/lp.sbfa.org.br\/cbfa2025\/wp-json\/wp\/v2\/pages\/1169\/revisions"}],"predecessor-version":[{"id":1329,"href":"https:\/\/lp.sbfa.org.br\/cbfa2025\/wp-json\/wp\/v2\/pages\/1169\/revisions\/1329"}],"wp:attachment":[{"href":"https:\/\/lp.sbfa.org.br\/cbfa2025\/wp-json\/wp\/v2\/media?parent=1169"}],"curies":[{"name":"wp","href":"https:\/\/api.w.org\/{rel}","templated":true}]}}